ose -l - n + 143 = y, 3*n + 2*n = 4*l - 572. What is the tens digit of l?
4
Let t(w) be the first derivative of 3*w**3 + 18*w**2 - 5*w - 135. What is the tens digit of t(6)?
3
Let l(t) = 7*t**3 - 24*t**2 - 16*t - 20. Let v be l(10). What is the units digit of ((252/35)/6)/(6/v)?
4
Let l(y) be the third derivative of -y**6/120 + y**5/10 + 3*y**4/8 + 2*y**3 + 2*y**2 - 5*y. What is the tens digit of l(-4)?
3
Suppose 26902 = 4*p - 3*x, 26866 = 21*p - 17*p + 3*x. What is the units digit of p?
1
Let c(s) = s**2 - s - 10. Let w be c(-3). Suppose 100 = w*k + 2*y, -2*y + 237 + 7 = 5*k. What is the tens digit of k?
4
What is the thousands digit of (1 - -5 - (-5 + 5)) + 42*299?
2
Let i = -399 + 426. Suppose 0 = i*l - 39205 - 9341. What is the hundreds digit of l?
7
Let s be 330/88 - (-10)/(-120)*-3. Let n be (-8308)/(-6) - (-1)/3. Suppose s*i = -i + n. What is the tens digit of i?
7
Suppose -77*m + 1199195 + 77619 = 0. What is the thousands digit of m?
6
Let s(r) be the first derivative of r**6/90 - 3*r**5/40 - 17*r**4/24 + 7*r**3 - 10. Let x(t) be the third derivative of s(t). What is the units digit of x(-6)?
1
What is the tens digit of (4299/2 - (90 - 84))*2?
8
Suppose 8 = -2*k, 4*a + 5*k + 5 = 17. Suppose -1045 = -a*t + 1451. What is the hundreds digit of t?
3
Let f(p) = 2*p**2 + 5*p - 24. Let g be f(-17). Let z = -173 + g. What is the units digit of z?
6
Suppose -40040 = -4*r - 3*l, -r + 10010 = 7*l + l. What is the tens digit of r?
1
Suppose 21*u = 19*u - 96. What is the tens digit of (-196)/(-5) - u/60?
4
Let f be ((-219)/292)/((-2)/(-8)). What is the tens digit of -10*17*55/(-22) - f?
2
Let s = -1570 + 2538. Let d = s - 464. What is the units digit of d?
4
Let r(u) = 127*u**2 + 155*u + 1792. What is the thousands digit of r(-12)?
8
Suppose 3*o + 69 = 3*d, -5*d = o + o - 94. Suppose 0 = -2*f - 4*j + 1786, -d = -13*j + 9*j. What is the units digit of f?
3
Suppose 102*z - 103*z = -5*y + 47864, 47872 = 5*y - 3*z. What is the hundreds digit of y?
5
Let a(c) = -c**3 - 5*c**2 - 4*c + 8. Let z = -10 - -12. Suppose -2*u + z*n - 12 = 0, u + 4*n = -2*u - 18. What is the units digit of a(u)?
8
Suppose -y - 3 = -z - 5, -z = 0. Let u be (10/6 - y)/(2/(-186)). Suppose -u*s + 33*s - 24 = 0. What is the units digit of s?
2
Let o(l) = 2*l + 986*l**3 - 987*l**3 + 18 + 521 + 3*l**2. What is the hundreds digit of o(0)?
5
Let g(o) = 2*o**2 + 32*o - 11. Let y be g(-16). What is the hundreds digit of (-9794)/y - 204/561?
8
Suppose 16*x - 66415 - 74545 = 0. What is the hundreds digit of x?
8
Suppose -26*a + 61*a = -34*a + 511566. What is the tens digit of a?
1
Suppose -150 = -4*k + k + 3*a, 3*k = 4*a + 155. What is the tens digit of 5/k*6*17*30?
4
Suppose 3*d - 288 = -5*d. Suppose -d*m + 1392 = -33*m. Let n = m + -303. What is the tens digit of n?
6
Suppose -977469 = -86*m - 11*m. What is the ten thousands digit of m?
1
Suppose 22*i - 20*i = 4. Suppose -i*t + 3*t - 3*v = 220, -3*t + 695 = -2*v. Suppose 5*y - 5*n - t = 0, -105 + 17 = -2*y + 5*n. What is the units digit of y?
9
Suppose 3*b - 4335 = 3*x, -5*x - 22 = -2. Suppose -3*p + 49*i - 51*i = -b, 2*p + 5*i - 957 = 0. What is the units digit of p?
1
Let z(m) be the third derivative of 17*m**4/24 - 32*m**3/3 + 88*m**2. What is the tens digit of z(21)?
9
Let n(u) = 2*u + 32. Let s be n(-15). Suppose -4*h = -2*a + 754, 4*a - h = -s*h + 1472. What is the hundreds digit of a?
3
Suppose 474 = -z - 4*z + 4*g, -16 = 4*g. Let i = 361 + z. Suppose -5*x + 798 = i. What is the units digit of x?
7
Let c(u) be the first derivative of 2*u**2 - 33*u - 1. Suppose -3*x + 54 = -3. What is the units digit of c(x)?
3
Let s(r) = -r**2 + 25*r + 5. Let i be s(23). Let f = i - -17. What is the units digit of f?
8
Suppose -a + 4 = 0, 2*o - 4*a = 3*o - 57. Let u = o + -36. Suppose 4*x = -3*q + 285, -32 = -u*x - 5*q + 318. What is the units digit of x?
5
Let v(t) = 5*t**2 - 261 + 103*t + 89 + 86 + 88. What is the tens digit of v(-21)?
4
Suppose -4*v = 20, -20 = -2*j - 2*v + 24. Suppose j*i = 21*i + 1134. What is the hundreds digit of i?
1
Suppose 25*s + 15*s = 76*s - 2036664. What is the units digit of s?
4
Suppose 133*t = -33*t + 5675540. What is the thousands digit of t?
4
Suppose -830 = -5*j - 4*y, -4*y - 18 = 2. Let z(f) = 10*f + j - 23*f + f**3 + 6*f + 5*f. What is the hundreds digit of z(0)?
1
Let h(s) = 404*s - 179. Let y be h(6). Suppose 45*b = 40*b + y. What is the tens digit of b?
4
Suppose 0 = -4*b - z + 19463, -8*b + 5*b + 14610 = 5*z. Suppose -b = -10*x + 14685. What is the units digit of x?
5
Let z(g) = -3*g**3 - 5*g**2 - 6*g - 4. Let q = -189 - -185. What is the hundreds digit of z(q)?
1
Suppose 7*y + 6340439 = 72*y + 54*y. What is the tens digit of y?
8
Let z(w) = -2*w**2 - 35*w - 36. Suppose -1 = -5*g - 81. What is the units digit of z(g)?
2
Suppose 5*p - 302 = -3*b, -p - b + 52 = -10. Let c be (-98)/14*p/(-7). What is the units digit of 8/(-4) + c + 3?
9
Let t = 15375 - 3264. What is the units digit of t?
1
Let r = 3200 + 3495. What is the units digit of r?
5
Let l = -3716 + 10524. What is the thousands digit of l?
6
Suppose -3*g = 5*c - 23524, -4*c + 19649 = -g + 840. What is the hundreds digit of c?
7
Let f(l) = 10*l**2 - 4*l + 13. Suppose 3*y = -41 + 26. What is the hundreds digit of f(y)?
2
Let i = -258 - -372. What is the units digit of (27*-3)/((-19)/i)?
6
Suppose 48*p - 90482 = -30050. Let w = -896 + p. What is the tens digit of w?
6
Suppose n - 2*a - 110 = 3*n, n = 2*a - 67. Let u = n - -78. What is the hundreds digit of (-30)/35*u*-7?
1
Let o(h) = -7*h + 26. Let l(z) = -z - 1. Let t(j) = 3*l(j) - o(j). Let p(d) = d**2 - 2*d + 1. Let k be p(4). What is the units digit of t(k)?
7
Let b = 5 - 2. Let g = 91 - -27. Suppose 2*y + r = -b*r + g, 0 = 4*r - 20. What is the tens digit of y?
4
Let s = 22 - 19. Suppose 0 = -4*x + s*h + 344 + 559, 5*x + h = 1143. Suppose -4*d = -10*d + x. What is the tens digit of d?
3
Suppose 6*t = 4*t + 4*q - 8, 5*t + 4*q = 22. Let n(p) be the third derivative of 7*p**5/20 - p**4/12 + p**3 - 4*p**2 - 2. What is the units digit of n(t)?
6
Let n = -11287 + 22179. What is the tens digit of n?
9
Suppose 0 = 2*d - 5*r - 49322, -13954 = -d + 4*r + 10716. What is the units digit of d?
6
Let v(f) = 450*f**2 - 58*f - 213. What is the tens digit of v(-4)?
1
Suppose -3*g + 8*g + 25 = -5*d, 9 = -2*g - 3*d. Let h be 2/(-5) + g/(-15). Suppose 0*t + 4*t - 540 = h. What is the units digit of t?
5
Let t = -19041 + 43808. What is the tens digit of t?
6
Let s(l) be the third derivative of -l**6/60 - 11*l**5/30 + 11*l**4/24 + 35*l**3/2 - 128*l**2. What is the thousands digit of s(-14)?
1
Suppose 9*c - 5*c + x = 1874, c - 479 = 5*x. What is the tens digit of c?
6
Suppose -25*u = -2*y - 20*u - 3282, 2*u = 4*y + 6596. Let k = y - -2357. What is the units digit of k?
6
Suppose 0 = 108*t - 58277 - 253411. What is the thousands digit of t?
2
Let p(o) = -2*o**2 - 12*o + 16. Let m be 455/(-63) - 1/((-9)/2). Let x be p(m). Let g(t) = 5*t**3 - t**2 - t + 2. What is the units digit of g(x)?
6
What is the hundreds digit of -2 - (0 - -4280)*1053/(-324)?
9
Suppose -43*p + 253226 = -226638 - 19366. What is the tens digit of p?
1
Let i(t) = 2054*t**3 - 75*t + 146. What is the units digit of i(2)?
8
Let z(k) = -7*k**2 - 33*k - 7. Let i be z(-4). Suppose 8*q - b = i*q - 382, 2*b = 4. What is the units digit of q?
6
Let f = 99 - 92. Suppose -f*d - 144 = -16*d. Suppose -m + d = 2. What is the units digit of m?
4
Let k(t) = 3*t**3 + 5*t**2 - 4*t - 34. Let g be k(-11). What is the units digit of 2/(-10)*g - (-9)/(-15)?
5
Let j = -46254 - -77609. What is the ten thousands digit of j?
3
Suppose 3*o - z - 107510 = 0, 2*o = -z + 54945 + 16740. What is the thousands digit of o?
5
Let i = -28 + 33. Suppose m - 371 = -2*h, -i*m + 730 = -3*m + h. Suppose -4*y + m = 5*n, -3*y + 3*n = -316 + 64. What is the tens digit of y?
8
Let v = -4347 - -4346. Suppose 0 = 3*r + 3 + 3. What is the hundreds digit of (-5)/v - (-274 + r)?
2
Suppose 20*s - 67 = -7. Suppose -2*q = 5*t - 2493, 2*t - 7*t + 2492 = s*q. What is the units digit of t?
9
Suppose -4*k - 28628 = -8*k. What is the tens digit of k?
5
Suppose 4*d - 80*f + 76*f = 9148, -3*d + 6863 = -2*f. What is the units digit of d?
9
Suppose 61*i = 60*i + 956. Suppose 3*j + 3*a - 639 = j, 3*j - i = -5*a. 